 What is the units digit of d?
6
Let r = 4328 - -926. What is the thousands digit of r?
5
Let j(c) = -159*c**3 - 4*c**2 - 3*c. Let s be j(-2). Suppose 3*p + 3*h = 2*h + 1246, 5*h = -3*p + s. What is the units digit of p?
4
Suppose 45355 = 5*c - 5*k, -2510*k + 2505*k = 3*c - 27253. What is the hundreds digit of c?
0
Let c be ((-54)/10)/((6/(-3))/10). Let s = -3 + c. Suppose 6*z = 1200 - s. What is the tens digit of z?
9
Let o(m) = 20*m**2 - 8 - 1 - 6*m + m**3 - 13*m**2 + m. Let p(z) = -z**2 - z + 5. Let s be p(-4). What is the units digit of o(s)?
6
Suppose -5*r + 2*s + 15 + 79 = 0, -r - 5*s = -8. Suppose 10 = 23*g - r*g. Let u = 29 - g. What is the units digit of u?
7
Let g = -108 - -113. Suppose g*z + 4*q = 6*q + 3300, -4*z - 4*q + 2640 = 0. What is the units digit of z?
0
Let i(v) = 6*v**2 - 114*v - 4448. What is the tens digit of i(-56)?
5
Let v = 2405 + -1830. Let p(n) = -169*n. Let j be p(2). Let a = j + v. What is the units digit of a?
7
Suppose -5*r = -4*t - 34010, 3*r + 2*t - 13527 - 6857 = 0. What is the units digit of r?
8
Let n(z) be the second derivative of 15/2*z**2 + 0 - 5/6*z**3 - 1/12*z**4 - 6*z. What is the units digit of n(-7)?
1
Let b = 26678 + 9334. What is the units digit of b?
2
Suppose -1400 = -7*i + 1022. Suppose v = 5*q + 184, -q + 0*q = 2*v - i. Suppose v = -6*x + 744. What is the units digit of x?
5
Let m = 345 + -164. Let f = 75 + m. Suppose 2*x + 266 = 2*a + 5*x, 2*x = 2*a - f. What is the units digit of a?
0
Suppose -5 = -0*j - j - a, a - 8 = -2*j. Let v be (8/12)/(j/864). Suppose v = 5*q - 38. What is the units digit of q?
6
Suppose 5*n - 3*n - 8 = 0. Let f(d) = n*d + 10 + 14 - 4. What is the tens digit of f(5)?
4
Let t(y) = 24*y + 288. Let w be t(-12). Suppose w = b - 4*l - 508, -5*b + 4*l + 2502 = 3*l. What is the tens digit of b?
0
Let d = -14697 + 21210. What is the units digit of d?
3
Suppose 2*p + 899027 = 33*p - 22851. What is the thousands digit of p?
9
Suppose 5*i + 2*d = 33, 4*i + 0*i - 3*d - 8 = 0. Suppose -i*j = -s + 204, 18*s - 2*j = 19*s - 190. What is the tens digit of s?
9
Let i be (-56 - 2) + (-2 - -6). What is the units digit of (9/(-6))/1*4464/i?
4
Let x(a) = 8*a**2 - 25*a - 25. Let q be x(-9). What is the units digit of (q - 4)*8/16?
2
Suppose -846 = -j - 4*o + 4297, 15387 = 3*j + 5*o. What is the thousands digit of j?
5
Suppose 9*k - 142150 = 104180. What is the hundreds digit of k?
3
Suppose 2*b + 0*b = 196. Let t = b - 5. Let v = t + -3. What is the tens digit of v?
9
What is the units digit of 324575/30 + (-9)/54?
9
Let i(g) = -50*g**2 - g + 33. Let x be i(7). Let w = x + 3561. What is the tens digit of w?
3
Suppose 0 = -18*r + 14*r + 16. Suppose r*d - 7206 = -1690. What is the tens digit of d?
7
Let o(x) = 137*x + 1025. What is the thousands digit of o(54)?
8
Suppose -1432 + 10340 + 20476 = 8*h. What is the units digit of h?
3
Let f = 3985 + -525. What is the thousands digit of f?
3
Let b = -8828 - -16652. What is the units digit of b?
4
Let y(z) = z**3 + 23*z**2 - 23*z + 33. Let l be y(-24). Suppose -4*s + l = -3. Suppose -s*f + 255 = 3*u, -3*u - f = -u - 175. What is the tens digit of u?
9
Suppose 4*v - 4372 = 4*r, -2*v + 0*r = r - 2195. Suppose 0 = -3*k + 3*p + p + v, -2*p - 1088 = -3*k. What is the hundreds digit of k?
3
What is the thousands digit of 6267/(-2)*(-190)/285 + 8?
2
Let i = -38 - 6. Let n = 47 + i. What is the tens digit of (3942/(-12))/n*8/(-6)?
4
Let d be 4/(-6)*(-2316)/2. Suppose -5*u - 26*y = -23*y - 8, 28 = 4*u - 3*y. Suppose -u*g = 212 - d. What is the units digit of g?
0
Let i = 3 - -24. Let b = i + -4. Suppose 34*n = 35*n - b. What is the units digit of n?
3
Let y be 9/54 + (-5)/(-6). Let v = y - -16. What is the tens digit of v?
1
Let t(r) = r**2 + 100*r + 557. What is the units digit of t(130)?
7
Let u = 19311 + -10459. What is the thousands digit of u?
8
Suppose -4*k + 23425 = 5*s, -9188 - 8407 = -3*k + 5*s. What is the tens digit of k?
6
Let h(j) = 76*j + 28. Suppose 10*m = 20*m - 30. What is the hundreds digit of h(m)?
2
Suppose -4*p = -3*p - 3*l - 61, 3*p = -3*l + 171. Let c = -60 + p. What is the units digit of (c - (0 - -2)*1) + 222?
8
Suppose 4*o - 22 - 28 = -3*t, -25 = -5*t + 5*o. Let f(i) = 0*i - 15 + 7*i - 5998*i**3 + 10*i**2 + 5997*i**3. What is the tens digit of f(t)?
5
Suppose 0 = -825*n + 802*n + 11431. What is the units digit of n?
7
Suppose 8*z - 11*z = -6. What is the units digit of (-331)/z*2/(-4)*4?
1
Suppose -3042996 - 1596320 - 1928362 = -254*i. What is the tens digit of i?
5
Let s = -11752 + 33246. What is the hundreds digit of s?
4
Suppose 0 = -3*l + 8*l - 165. Suppose -4*d + 130 = 3*j, -d - 37 + 3 = -j. Suppose -l = -g + j. What is the tens digit of g?
7
Suppose 2*c = -3*c + 160. Suppose 29 - c = -3*j. Suppose 3*h - 5*t = 4*h - j, 4*h - 2*t = 92. What is the tens digit of h?
2
Suppose 2*y - 3*w - 6484 = 0, 9*y = 14*y + w - 16227. What is the tens digit of y?
4
Suppose 4*g + 4*w = 25124, 0 = -36*g + 40*g - 3*w - 25089. What is the thousands digit of g?
6
Suppose -2*z = -2*v + 110, 0*z - 5*z + 225 = 5*v. Suppose 28 = -m - 3*l - v, 0 = 4*l. What is the units digit of m/(-2)*48/36?
2
Suppose 263337 - 196680 = -26*z + 906691. What is the thousands digit of z?
2
Let s be 5/((-10)/(-18)) - 4. Suppose s*t - 19 - 101 = 0. Suppose 4*g - 12 = -b, -5*g + 0*b + b + t = 0. What is the units digit of g?
4
Suppose -2*j + w + 15 = 9, 3*j + 5 = 5*w. Suppose 4*m = -3*r + 971, j*m - 21*r - 1211 = -22*r. What is the hundreds digit of m?
2
Suppose -56767 = -3*r - p, -371*p + 10 = -373*p. What is the tens digit of r?
2
Let p(u) = -12*u - 40. Let a be p(-4). Let w = 4 + a. What is the hundreds digit of (-2)/w + 8855/30?
2
Let y(q) = 10*q**3 - q**2 + q + 9. Let n be y(3). Suppose -h - 2*h = 2*f + 553, -f + 2*h - n = 0. Let x = 468 + f. What is the tens digit of x?
9
Let z = -25373 - -45444. What is the tens digit of z?
7
Suppose 1816 = -0*r - 2*r. Let n = r - -398. Let h = -236 - n. What is the tens digit of h?
7
Suppose 0 = -8*a + 3*a - 5. Let u be 76/(-57)*a*3. Suppose u*n = -n - 2*x + 84, 2*x - 4 = 0. What is the tens digit of n?
1
Let j(l) = -l**3 + 10*l**2 - 9*l - 6. Let h be j(9). Let t be h + 2 - (-12 - 0). What is the tens digit of (-2)/t*-3 + (-17511)/(-156)?
1
Let z = 143 + -126. Suppose 1880 = 5*h + 12*q - z*q, 1114 = 3*h + 4*q. Let r = 629 - h. What is the tens digit of r?
5
Suppose 0 = -69*h - 62*h - 35*h + 1857706. What is the hundreds digit of h?
1
Let o = 13204 + -5019. What is the thousands digit of o?
8
What is the thousands digit of (150/(-1))/(-10) - -19913?
9
Let t = 534 - 374. Suppose -1712 = -3*h - v, -389 = -h + 4*v + t. What is the hundreds digit of h?
5
Let y be 2*-5*144/(-30). Let i(a) = a**3 - 3*a**2 + a + 2. Let j be i(3). Suppose -3*z = -j*z + y. What is the tens digit of z?
2
Let j(q) = q**2 + 6*q - 22. Let x be j(-9). Suppose -2*g - 3*w + 1644 = 0, -8*g + 3*g = x*w - 4115. What is the tens digit of g?
2
Suppose p + 3801 = 3*k + 658, -2*p = 10. Suppose -5*d - 4*c + k = 0, 44 = d - 4*c - 170. What is the tens digit of d?
1
Suppose -3*u + 57461 + 7446 = 5*d, -4*u + 86556 = 4*d. What is the tens digit of u?
4
Let q(d) = -6*d**3 + 521*d**2 + 36*d + 510. What is the units digit of q(85)?
5
Let p(v) = v**3 + v - 4. Let m(s) = s - 10*s**3 + 12*s**3 - s**2 - s + s - 8. Let o(b) = -3*m(b) + 5*p(b). What is the tens digit of o(-3)?
5
Let x = -75802 - -117485. What is the tens digit of x?
8
What is the units digit of ((-216)/14)/((20/57575)/((-36)/30))?
8
Suppose -160 = 2*p + 3*b, -5*b = 33*p - 31*p + 152. Let x = -571 - -802. Let h = x + p. What is the hundreds digit of h?
1
Let u be ((14/(-28))/(2/(-204)))/(-1). Let z = -60 - u. Let n = z - -137. What is the hundreds digit of n?
1
What is the units digit of -81774*7/(-14) + -12?
5
Let r be 3262/294 - 6/63. Suppose -315 - 10036 = -r*t. What is the tens digit of t?
4
What is the hundreds digit of 33 + 7816 - (2 - (-8 + 1))?
8
What is the hundreds digit of (-5)/(25/55) + 2088?
0
Let w(x) be the third derivative of -23/24*x**4 + 0 + 4*x**2 + 0*x + 17/6*x**3. What is the tens digit of w(-3)?
8
Suppose -3 = p, 0 = -3*j - p + 3*p + 126. Let m = j + -45. Let g(d) = 3*d**2 - 4*d - 7. What is the units digit of g(m)?
8
What is the ten thousands digit of -11*(-3705)/38*(3 + (-89)/(-3))?
3
Suppose 